{"id":7881,"date":"2024-07-08T22:02:31","date_gmt":"2024-07-08T22:02:31","guid":{"rendered":"https:\/\/status200.com.mx\/demo\/web_grupoiscisa\/?page_id=7881"},"modified":"2024-08-29T23:29:37","modified_gmt":"2024-08-29T23:29:37","slug":"cursos-desarrollo-profesional","status":"publish","type":"page","link":"https:\/\/status200.com.mx\/demo\/web_grupoiscisa\/capacitacion\/cursos-desarrollo-profesional\/","title":{"rendered":"Cursos desarrollo profesional"},"content":{"rendered":"\t\t<div data-elementor-type=\"wp-page\" data-elementor-id=\"7881\" class=\"elementor elementor-7881\">\n\t\t\t\t<div class=\"elementor-element elementor-element-f564cb3 e-flex e-con-boxed e-con e-parent\" data-id=\"f564cb3\" data-element_type=\"container\">\n\t\t\t\t\t<div class=\"e-con-inner\">\n\t\t<div class=\"elementor-element elementor-element-e8e44d2 e-con-full e-flex e-con e-child\" data-id=\"e8e44d2\" data-element_type=\"container\">\n\t\t\t\t<div class=\"elementor-element elementor-element-6781eff elementor-position-top elementor-widget elementor-widget-image-box\" data-id=\"6781eff\" data-element_type=\"widget\" data-widget_type=\"image-box.default\">\n\t\t\t\t<div class=\"elementor-widget-container\">\n\t\t\t\t\t<div class=\"elementor-image-box-wrapper\"><figure class=\"elementor-image-box-img\"><img fetchpriority=\"high\" decoding=\"async\" width=\"600\" height=\"300\" src=\"https:\/\/status200.com.mx\/demo\/web_grupoiscisa\/wp-content\/uploads\/2024\/07\/Supervisores-administracion-de-la-seguridad-Administracion-de-la-seguridad-para-supervisores-01.jpg\" class=\"attachment-full size-full wp-image-7884\" alt=\"\" srcset=\"https:\/\/status200.com.mx\/demo\/web_grupoiscisa\/wp-content\/uploads\/2024\/07\/Supervisores-administracion-de-la-seguridad-Administracion-de-la-seguridad-para-supervisores-01.jpg 600w, https:\/\/status200.com.mx\/demo\/web_grupoiscisa\/wp-content\/uploads\/2024\/07\/Supervisores-administracion-de-la-seguridad-Administracion-de-la-seguridad-para-supervisores-01-300x150.jpg 300w\" sizes=\"(max-width: 600px) 100vw, 600px\" \/><\/figure><div class=\"elementor-image-box-content\"><h3 class=\"elementor-image-box-title\"> Administraci\u00f3n de la seguridad para supervisores.<\/h3><p class=\"elementor-image-box-description\">Los participantes ser\u00e1n capaces de detectar, evaluar y controlar todos los peligros  que se generen en su \u00e1rea de trabajo y que conozcan las actividades de seguridad que deben realizar.<\/p><\/div><\/div>\t\t\t\t<\/div>\n\t\t\t\t<\/div>\n\t\t\t\t<\/div>\n\t\t<div class=\"elementor-element elementor-element-8468513 e-con-full e-flex e-con e-child\" data-id=\"8468513\" data-element_type=\"container\">\n\t\t\t\t<div class=\"elementor-element elementor-element-5d9a5c9 elementor-position-top elementor-widget elementor-widget-image-box\" data-id=\"5d9a5c9\" data-element_type=\"widget\" data-widget_type=\"image-box.default\">\n\t\t\t\t<div class=\"elementor-widget-container\">\n\t\t\t\t\t<div class=\"elementor-image-box-wrapper\"><figure class=\"elementor-image-box-img\"><img decoding=\"async\" width=\"600\" height=\"300\" src=\"https:\/\/status200.com.mx\/demo\/web_grupoiscisa\/wp-content\/uploads\/2024\/07\/Desarrollo-humano-Formacion-de-instructores-01.jpg\" class=\"attachment-full size-full wp-image-7885\" alt=\"\" srcset=\"https:\/\/status200.com.mx\/demo\/web_grupoiscisa\/wp-content\/uploads\/2024\/07\/Desarrollo-humano-Formacion-de-instructores-01.jpg 600w, https:\/\/status200.com.mx\/demo\/web_grupoiscisa\/wp-content\/uploads\/2024\/07\/Desarrollo-humano-Formacion-de-instructores-01-300x150.jpg 300w\" sizes=\"(max-width: 600px) 100vw, 600px\" \/><\/figure><div class=\"elementor-image-box-content\"><h3 class=\"elementor-image-box-title\">Formaci\u00f3n de instructores de alto impacto.<\/h3><p class=\"elementor-image-box-description\">El programa te ayudar\u00e1 a establecer las bases de tu formaci\u00f3n en un oficio tan espectacular como lo es la impartici\u00f3n de capacitaci\u00f3n de capital humano.<\/p><\/div><\/div>\t\t\t\t<\/div>\n\t\t\t\t<\/div>\n\t\t\t\t<\/div>\n\t\t<div class=\"elementor-element elementor-element-d3e4877 e-con-full e-flex e-con e-child\" data-id=\"d3e4877\" data-element_type=\"container\">\n\t\t\t\t<div class=\"elementor-element elementor-element-c32ae0f elementor-position-top elementor-widget elementor-widget-image-box\" data-id=\"c32ae0f\" data-element_type=\"widget\" data-widget_type=\"image-box.default\">\n\t\t\t\t<div class=\"elementor-widget-container\">\n\t\t\t\t\t<div class=\"elementor-image-box-wrapper\"><figure class=\"elementor-image-box-img\"><img decoding=\"async\" width=\"600\" height=\"300\" src=\"https:\/\/status200.com.mx\/demo\/web_grupoiscisa\/wp-content\/uploads\/2024\/07\/Supervisores-administracion-de-la-seguridad-Taller-de-formacion-de-supervisores-de-seguridad-e-higiene-industrial-01.jpg\" class=\"attachment-full size-full wp-image-7886\" alt=\"\" srcset=\"https:\/\/status200.com.mx\/demo\/web_grupoiscisa\/wp-content\/uploads\/2024\/07\/Supervisores-administracion-de-la-seguridad-Taller-de-formacion-de-supervisores-de-seguridad-e-higiene-industrial-01.jpg 600w, https:\/\/status200.com.mx\/demo\/web_grupoiscisa\/wp-content\/uploads\/2024\/07\/Supervisores-administracion-de-la-seguridad-Taller-de-formacion-de-supervisores-de-seguridad-e-higiene-industrial-01-300x150.jpg 300w\" sizes=\"(max-width: 600px) 100vw, 600px\" \/><\/figure><div class=\"elementor-image-box-content\"><h3 class=\"elementor-image-box-title\">Formaci\u00f3n de profesionales de seguridad industrial.<\/h3><p class=\"elementor-image-box-description\">Mediante el diplomado para formaci\u00f3n de profesionales de seguridad industrial los participantes recibir\u00e1n informaci\u00f3n que les permitir\u00e1 desempe\u00f1arse de manera efectiva como supervisores de seguridad industrial.<\/p><\/div><\/div>\t\t\t\t<\/div>\n\t\t\t\t<\/div>\n\t\t\t\t<\/div>\n\t\t<div class=\"elementor-element elementor-element-653df66 e-con-full e-flex e-con e-child\" data-id=\"653df66\" data-element_type=\"container\">\n\t\t\t\t<div class=\"elementor-element elementor-element-1f03273 elementor-position-top elementor-widget elementor-widget-image-box\" data-id=\"1f03273\" data-element_type=\"widget\" data-widget_type=\"image-box.default\">\n\t\t\t\t<div class=\"elementor-widget-container\">\n\t\t\t\t\t<div class=\"elementor-image-box-wrapper\"><figure class=\"elementor-image-box-img\"><img loading=\"lazy\" decoding=\"async\" width=\"600\" height=\"300\" src=\"https:\/\/status200.com.mx\/demo\/web_grupoiscisa\/wp-content\/uploads\/2024\/07\/Otros-Taller-de-equipos-de-alto-rendimiento-01.jpg\" class=\"attachment-full size-full wp-image-7888\" alt=\"\" srcset=\"https:\/\/status200.com.mx\/demo\/web_grupoiscisa\/wp-content\/uploads\/2024\/07\/Otros-Taller-de-equipos-de-alto-rendimiento-01.jpg 600w, https:\/\/status200.com.mx\/demo\/web_grupoiscisa\/wp-content\/uploads\/2024\/07\/Otros-Taller-de-equipos-de-alto-rendimiento-01-300x150.jpg 300w\" sizes=\"(max-width: 600px) 100vw, 600px\" \/><\/figure><div class=\"elementor-image-box-content\"><h3 class=\"elementor-image-box-title\"> Introducci\u00f3n e implementaci\u00f3n ISO 45001:2018.<\/h3><p class=\"elementor-image-box-description\">Ser\u00e1n capaces de Implementar, mantener y mejorar continuamente su sistema de gesti\u00f3n de seguridad y salud en el trabajo basado en los requerimientos de la norma ISO 45000:2018.<\/p><\/div><\/div>\t\t\t\t<\/div>\n\t\t\t\t<\/div>\n\t\t\t\t<\/div>\n\t\t<div class=\"elementor-element elementor-element-469ae9e e-con-full e-flex e-con e-child\" data-id=\"469ae9e\" data-element_type=\"container\">\n\t\t\t\t<div class=\"elementor-element elementor-element-c7ddf66 elementor-position-top elementor-widget elementor-widget-image-box\" data-id=\"c7ddf66\" data-element_type=\"widget\" data-widget_type=\"image-box.default\">\n\t\t\t\t<div class=\"elementor-widget-container\">\n\t\t\t\t\t<div class=\"elementor-image-box-wrapper\"><figure class=\"elementor-image-box-img\"><img loading=\"lazy\" decoding=\"async\" width=\"600\" height=\"300\" src=\"https:\/\/status200.com.mx\/demo\/web_grupoiscisa\/wp-content\/uploads\/2024\/07\/Otros-Reforzamiento-del-comportamiento-positivo-motivacion-a-la-seguridad-01.jpg\" class=\"attachment-full size-full wp-image-7889\" alt=\"\" srcset=\"https:\/\/status200.com.mx\/demo\/web_grupoiscisa\/wp-content\/uploads\/2024\/07\/Otros-Reforzamiento-del-comportamiento-positivo-motivacion-a-la-seguridad-01.jpg 600w, https:\/\/status200.com.mx\/demo\/web_grupoiscisa\/wp-content\/uploads\/2024\/07\/Otros-Reforzamiento-del-comportamiento-positivo-motivacion-a-la-seguridad-01-300x150.jpg 300w\" sizes=\"(max-width: 600px) 100vw, 600px\" \/><\/figure><div class=\"elementor-image-box-content\"><h3 class=\"elementor-image-box-title\">Seguridad basada en el comportamiento y abordaje positivo.<\/h3><p class=\"elementor-image-box-description\">Orientado a empresas que ya cuentan con un sistema de gesti\u00f3n de seguridad o una certificaci\u00f3n como ohsas 18000 o iso 45000 o que les interesa conseguirla.<\/p><\/div><\/div>\t\t\t\t<\/div>\n\t\t\t\t<\/div>\n\t\t\t\t<\/div>\n\t\t<div class=\"elementor-element elementor-element-4cc98ad e-con-full e-flex e-con e-child\" data-id=\"4cc98ad\" data-element_type=\"container\">\n\t\t\t\t<div class=\"elementor-element elementor-element-8603712 elementor-position-top elementor-widget elementor-widget-image-box\" data-id=\"8603712\" data-element_type=\"widget\" data-widget_type=\"image-box.default\">\n\t\t\t\t<div class=\"elementor-widget-container\">\n\t\t\t\t\t<div class=\"elementor-image-box-wrapper\"><figure class=\"elementor-image-box-img\"><img loading=\"lazy\" decoding=\"async\" width=\"600\" height=\"300\" src=\"https:\/\/status200.com.mx\/demo\/web_grupoiscisa\/wp-content\/uploads\/2024\/07\/Supervisores-administracion-de-la-seguridad-Administracion-de-la-seguridad-para-directivos-01.jpg\" class=\"attachment-full size-full wp-image-7890\" alt=\"\" srcset=\"https:\/\/status200.com.mx\/demo\/web_grupoiscisa\/wp-content\/uploads\/2024\/07\/Supervisores-administracion-de-la-seguridad-Administracion-de-la-seguridad-para-directivos-01.jpg 600w, https:\/\/status200.com.mx\/demo\/web_grupoiscisa\/wp-content\/uploads\/2024\/07\/Supervisores-administracion-de-la-seguridad-Administracion-de-la-seguridad-para-directivos-01-300x150.jpg 300w\" sizes=\"(max-width: 600px) 100vw, 600px\" \/><\/figure><div class=\"elementor-image-box-content\"><h3 class=\"elementor-image-box-title\">Sensibilizaci\u00f3n de la seguridad.<\/h3><p class=\"elementor-image-box-description\">El participante ser\u00e1 capaz de comprender el nivel de importancia de integrar una cultura de seguridad en el trabajo con la finalidad de prevenir accidentes.\n<\/p><\/div><\/div>\t\t\t\t<\/div>\n\t\t\t\t<\/div>\n\t\t\t\t<\/div>\n\t\t\t\t\t<\/div>\n\t\t\t\t<\/div>\n\t\t\t\t<\/div>\n\t\t","protected":false},"excerpt":{"rendered":"<p>Administraci\u00f3n de la seguridad para supervisores. Los participantes ser\u00e1n capaces de detectar, evaluar y controlar todos los peligros que se generen en su \u00e1rea de trabajo y que conozcan las actividades de seguridad que deben realizar. Formaci\u00f3n de instructores de alto impacto. El programa te ayudar\u00e1 a establecer las bases de tu formaci\u00f3n en un [&hellip;]<\/p>\n","protected":false},"author":1,"featured_media":0,"parent":7694,"menu_order":0,"comment_status":"closed","ping_status":"closed","template":"","meta":{"_monsterinsights_skip_tracking":false,"_monsterinsights_sitenote_active":false,"_monsterinsights_sitenote_note":"","_monsterinsights_sitenote_category":0,"footnotes":""},"class_list":["post-7881","page","type-page","status-publish","hentry"],"aioseo_notices":[],"_links":{"self":[{"href":"https:\/\/status200.com.mx\/demo\/web_grupoiscisa\/wp-json\/wp\/v2\/pages\/7881","targetHints":{"allow":["GET"]}}],"collection":[{"href":"https:\/\/status200.com.mx\/demo\/web_grupoiscisa\/wp-json\/wp\/v2\/pages"}],"about":[{"href":"https:\/\/status200.com.mx\/demo\/web_grupoiscisa\/wp-json\/wp\/v2\/types\/page"}],"author":[{"embeddable":true,"href":"https:\/\/status200.com.mx\/demo\/web_grupoiscisa\/wp-json\/wp\/v2\/users\/1"}],"replies":[{"embeddable":true,"href":"https:\/\/status200.com.mx\/demo\/web_grupoiscisa\/wp-json\/wp\/v2\/comments?post=7881"}],"version-history":[{"count":7,"href":"https:\/\/status200.com.mx\/demo\/web_grupoiscisa\/wp-json\/wp\/v2\/pages\/7881\/revisions"}],"predecessor-version":[{"id":8086,"href":"https:\/\/status200.com.mx\/demo\/web_grupoiscisa\/wp-json\/wp\/v2\/pages\/7881\/revisions\/8086"}],"up":[{"embeddable":true,"href":"https:\/\/status200.com.mx\/demo\/web_grupoiscisa\/wp-json\/wp\/v2\/pages\/7694"}],"wp:attachment":[{"href":"https:\/\/status200.com.mx\/demo\/web_grupoiscisa\/wp-json\/wp\/v2\/media?parent=7881"}],"curies":[{"name":"wp","href":"https:\/\/api.w.org\/{rel}","templated":true}]}}