{"id":65,"date":"2023-03-12T08:49:09","date_gmt":"2023-03-12T08:49:09","guid":{"rendered":"https:\/\/ordainit.com\/wp-theme\/sorex\/?page_id=65"},"modified":"2024-07-16T18:49:16","modified_gmt":"2024-07-16T18:49:16","slug":"contacto","status":"publish","type":"page","link":"https:\/\/status200.com.mx\/demo\/web_grupoiscisa\/contacto\/","title":{"rendered":"Contacto"},"content":{"rendered":"\t\t<div data-elementor-type=\"wp-page\" data-elementor-id=\"65\" class=\"elementor elementor-65\">\n\t\t\t\t\t\t<section class=\"elementor-section elementor-top-section elementor-element elementor-element-b51d21b elementor-section-stretched elementor-section-boxed elementor-section-height-default elementor-section-height-default\" data-id=\"b51d21b\" data-element_type=\"section\" data-settings=\"{&quot;stretch_section&quot;:&quot;section-stretched&quot;}\">\n\t\t\t\t\t\t<div class=\"elementor-container elementor-column-gap-default\">\n\t\t\t\t\t<div class=\"elementor-column elementor-col-50 elementor-top-column elementor-element elementor-element-5eceea8 contact-us-form\" data-id=\"5eceea8\" data-element_type=\"column\">\n\t\t\t<div class=\"elementor-widget-wrap elementor-element-populated\">\n\t\t\t\t\t\t<div class=\"elementor-element elementor-element-f94d94a elementor-widget elementor-widget-bizmax-section-title\" data-id=\"f94d94a\" data-element_type=\"widget\" data-widget_type=\"bizmax-section-title.default\">\n\t\t\t\t<div class=\"elementor-widget-container\">\n\t\t\t\t\t\r\r\r\n\t\t\t<div class=\"cs_section_heading cs_style_1 d-flex align-items-center text-left\">\r\r\r\n                <div class=\"cs_section_heading_in\">\r\r\r\n                  <h3 class=\"cs_fs_20 cs_fs_lg_18 text-accent fw-normal cs_lh_base cs_mb_10 wow fadeInLeft\" data-wow-duration=\"0.8s\" data-wow-delay=\"0.2s\"  style=\"color:#18191d\">Para cualquier solicitud comentario o duda, cont\u00e1ctenos  y a la brevedad un ejecuto con gusto lo atenderpa<\/h3>\r\r\r\n                  <h2 class=\"section-title-heading  cs_fs_48 cs_fs_lg_36 cs_mb_20\"  style=\"color:#18191d\">Env\u00edenos un mensaje<\/h2>\r\r\r\n\t\t\t\t  <div class=\"cs_section_text m-0\" style=\"color:#666\"><\/div>\r\r\r\n                <\/div>\r\r\r\n            <\/div>\r\r\r\n\t\t\t\t\t\t\t<\/div>\n\t\t\t\t<\/div>\n\t\t\t\t<div class=\"elementor-element elementor-element-b4d1974 elementor-widget elementor-widget-bizmax-contact\" data-id=\"b4d1974\" data-element_type=\"widget\" data-widget_type=\"bizmax-contact.default\">\n\t\t\t\t<div class=\"elementor-widget-container\">\n\t\t\t\t\t\n<div class=\"wpcf7 no-js\" id=\"wpcf7-f4665-o1\" lang=\"en-US\" dir=\"ltr\" data-wpcf7-id=\"4665\">\n<div class=\"screen-reader-response\"><p role=\"status\" aria-live=\"polite\" aria-atomic=\"true\"><\/p> <ul><\/ul><\/div>\n<form action=\"\/demo\/web_grupoiscisa\/wp-json\/wp\/v2\/pages\/65#wpcf7-f4665-o1\" method=\"post\" class=\"wpcf7-form init\" aria-label=\"Contact form\" novalidate=\"novalidate\" data-status=\"init\">\n<div style=\"display: none;\">\n<input type=\"hidden\" name=\"_wpcf7\" value=\"4665\" \/>\n<input type=\"hidden\" name=\"_wpcf7_version\" value=\"6.0.6\" \/>\n<input type=\"hidden\" name=\"_wpcf7_locale\" value=\"en_US\" \/>\n<input type=\"hidden\" name=\"_wpcf7_unit_tag\" value=\"wpcf7-f4665-o1\" \/>\n<input type=\"hidden\" name=\"_wpcf7_container_post\" value=\"0\" \/>\n<input type=\"hidden\" name=\"_wpcf7_posted_data_hash\" value=\"\" \/>\n<\/div>\n<div class=\"row bizmax-form\">\n\t<div class=\"col-lg-6\">\n\t\t<div class=\"contact__form-input\">\n\t\t\t<p><span class=\"wpcf7-form-control-wrap\" data-name=\"your-name\"><input size=\"40\" maxlength=\"400\" class=\"wpcf7-form-control wpcf7-text wpcf7-validates-as-required\" aria-required=\"true\" aria-invalid=\"false\" placeholder=\"Nombre\" value=\"\" type=\"text\" name=\"your-name\" \/><\/span>\n\t\t\t<\/p>\n\t\t<\/div>\n\t<\/div>\n\t<div class=\"col-lg-6\">\n\t\t<div class=\"contact__form-input\">\n\t\t\t<p><span class=\"wpcf7-form-control-wrap\" data-name=\"your-email\"><input size=\"40\" maxlength=\"400\" class=\"wpcf7-form-control wpcf7-email wpcf7-validates-as-required wpcf7-text wpcf7-validates-as-email\" aria-required=\"true\" aria-invalid=\"false\" placeholder=\"Correo electr\u00f3nico\" value=\"\" type=\"email\" name=\"your-email\" \/><\/span>\n\t\t\t<\/p>\n\t\t<\/div>\n\t<\/div>\n\t<div class=\"col-lg-6\">\n\t\t<div class=\"contact__form-input\">\n\t\t\t<p><span class=\"wpcf7-form-control-wrap\" data-name=\"tel-371\"><input size=\"40\" maxlength=\"400\" class=\"wpcf7-form-control wpcf7-tel wpcf7-text wpcf7-validates-as-tel\" aria-invalid=\"false\" placeholder=\"Tel\u00e9fono\" value=\"\" type=\"tel\" name=\"tel-371\" \/><\/span>\n\t\t\t<\/p>\n\t\t<\/div>\n\t<\/div>\n\t<div class=\"col-lg-6\">\n\t\t<div class=\"contact__form-input\">\n\t\t\t<p><span class=\"wpcf7-form-control-wrap\" data-name=\"your-asunto\"><input size=\"40\" maxlength=\"400\" class=\"wpcf7-form-control wpcf7-text wpcf7-validates-as-required\" aria-required=\"true\" aria-invalid=\"false\" placeholder=\"Asunto\" value=\"\" type=\"text\" name=\"your-asunto\" \/><\/span>\n\t\t\t<\/p>\n\t\t<\/div>\n\t<\/div>\n\t<div class=\"col-12\">\n\t\t<div class=\"contact__form-input\">\n\t\t\t<p><span class=\"wpcf7-form-control-wrap\" data-name=\"your-message\"><textarea cols=\"40\" rows=\"10\" maxlength=\"2000\" class=\"wpcf7-form-control wpcf7-textarea\" aria-invalid=\"false\" placeholder=\"Mensaje ...\" name=\"your-message\"><\/textarea><\/span>\n\t\t\t<\/p>\n\t\t<\/div>\n\t<\/div>\n\t<div class=\"col-12\">\n\t\t<p><button class=\"cs_btn cs_style_1 cs_fs_14 cs_rounded_5 cs_pl_30 cs_pr_30 cs_pt_10 cs_pb_10 overflow-hidden\"><span>Enviar <\/span><\/button>\n\t\t<\/p>\n\t<\/div>\n<\/div><div class=\"wpcf7-response-output\" aria-hidden=\"true\"><\/div>\n<\/form>\n<\/div>\n\t\t\t\t<\/div>\n\t\t\t\t<\/div>\n\t\t\t\t\t<\/div>\n\t\t<\/div>\n\t\t\t\t<div class=\"elementor-column elementor-col-50 elementor-top-column elementor-element elementor-element-6923a36\" data-id=\"6923a36\" data-element_type=\"column\">\n\t\t\t<div class=\"elementor-widget-wrap elementor-element-populated\">\n\t\t\t\t\t\t<div class=\"elementor-element elementor-element-5c1e6ee elementor-widget elementor-widget-bizmax-section-title\" data-id=\"5c1e6ee\" data-element_type=\"widget\" data-widget_type=\"bizmax-section-title.default\">\n\t\t\t\t<div class=\"elementor-widget-container\">\n\t\t\t\t\t\r\r\r\n\t\t\t<div class=\"cs_section_heading cs_style_1 d-flex align-items-center text-left\">\r\r\r\n                <div class=\"cs_section_heading_in\">\r\r\r\n                  <h3 class=\"cs_fs_20 cs_fs_lg_18 text-accent fw-normal cs_lh_base cs_mb_10 wow fadeInLeft\" data-wow-duration=\"0.8s\" data-wow-delay=\"0.2s\"  style=\"color:#18191d\">Informaci\u00f3n de contacto<\/h3>\r\r\r\n                  <h2 class=\"section-title-heading  cs_fs_48 cs_fs_lg_36 cs_mb_20\"  style=\"color:#18191d\">Estamos a tu s ordenes<\/h2>\r\r\r\n\t\t\t\t  <div class=\"cs_section_text m-0\" style=\"color:#666\"><p class=\"m-0\">\u00bfTiene dudas o preguntas? Cont\u00e1ctenos, nuestro equipo de ventas le ayudar\u00e1 y asesorar\u00e1 para satisfacer las necesidades que su empresa necesita.<\/p><\/div>\r\r\r\n                <\/div>\r\r\r\n            <\/div>\r\r\r\n\t\t\t\t\t\t\t<\/div>\n\t\t\t\t<\/div>\n\t\t\t\t<div class=\"elementor-element elementor-element-f3e26f7 elementor-widget elementor-widget-bizmax-contact-list\" data-id=\"f3e26f7\" data-element_type=\"widget\" data-widget_type=\"bizmax-contact-list.default\">\n\t\t\t\t<div class=\"elementor-widget-container\">\n\t\t\t\t\t\r\r\r\n\t\t\t\t<div class=\"bizmax-contact-list d-flex align-items-center cs_mb_30\">\r\r\r\n\t\t\t\t\t<div class=\"d-flex align-items-center justify-content-center cs_height_90 cs_width_90 cs_height_lg_80 cs_width_lg-80 cs_rounded_10 flex-none cs_mr_20 bg-accent\"><img decoding=\"async\" src=\"https:\/\/status200.com.mx\/demo\/web_grupoiscisa\/wp-content\/uploads\/2023\/07\/1-1-1.png\">\r\r\r\n\t\t\t\t\t<\/div>\r\r\r\n\t\t\t\t\t<div>\r\r\r\n\t\t\t\t\t\t<p class=\"text-accent cs_mb_7\">Consultoria y capacitaci\u00f3n<\/p>\r\r\r\n\t\t\t\t\t\t<h2 class=\"m-0 fw-medium cs_fs_22 cs_fs_lg_18 cs_lh_base\" style=\"color:#18191d\"><a href=\"\" style=\"color:#18191d\">818 010 8476 \/ 818 349 1660<\/a>\r\r\r\n\t\t\t\t\t\t<\/h2>\r\r\r\n\t\t\t\t\t<\/div>\r\r\r\n\t\t\t\t<\/div>\r\r\r\n\t\t\t\t<div class=\"bizmax-contact-list d-flex align-items-center cs_mb_30\">\r\r\r\n\t\t\t\t\t<div class=\"d-flex align-items-center justify-content-center cs_height_90 cs_width_90 cs_height_lg_80 cs_width_lg-80 cs_rounded_10 flex-none cs_mr_20 bg-accent\"><img decoding=\"async\" src=\"https:\/\/status200.com.mx\/demo\/web_grupoiscisa\/wp-content\/uploads\/2023\/07\/1-1-1.png\">\r\r\r\n\t\t\t\t\t<\/div>\r\r\r\n\t\t\t\t\t<div>\r\r\r\n\t\t\t\t\t\t<p class=\"text-accent cs_mb_7\">Extintores y equipos contra incendio:<\/p>\r\r\r\n\t\t\t\t\t\t<h2 class=\"m-0 fw-medium cs_fs_22 cs_fs_lg_18 cs_lh_base\" style=\"color:#18191d\"><a href=\"\" style=\"color:#18191d\">812 622 3786 \/ 818 340 6009<\/a>\r\r\r\n\t\t\t\t\t\t<\/h2>\r\r\r\n\t\t\t\t\t<\/div>\r\r\r\n\t\t\t\t<\/div>\r\r\r\n\t\t\t\t<div class=\"bizmax-contact-list d-flex align-items-center cs_mb_30\">\r\r\r\n\t\t\t\t\t<div class=\"d-flex align-items-center justify-content-center cs_height_90 cs_width_90 cs_height_lg_80 cs_width_lg-80 cs_rounded_10 flex-none cs_mr_20 bg-accent\"><img decoding=\"async\" src=\"https:\/\/status200.com.mx\/demo\/web_grupoiscisa\/wp-content\/uploads\/2023\/07\/2-1-1.png\">\r\r\r\n\t\t\t\t\t<\/div>\r\r\r\n\t\t\t\t\t<div>\r\r\r\n\t\t\t\t\t\t<p class=\"text-accent cs_mb_7\">Correo electr\u00f3nico<\/p>\r\r\r\n\t\t\t\t\t\t<h2 class=\"m-0 fw-medium cs_fs_22 cs_fs_lg_18 cs_lh_base\" style=\"color:#18191d\"><a href=\"mailto:info@grupoiscisa.com\" style=\"color:#18191d\">info@grupoiscisa.com<\/a>\r\r\r\n\t\t\t\t\t\t<\/h2>\r\r\r\n\t\t\t\t\t<\/div>\r\r\r\n\t\t\t\t<\/div>\r\r\r\n\t\t\t\t<div class=\"bizmax-contact-list d-flex align-items-center cs_mb_30\">\r\r\r\n\t\t\t\t\t<div class=\"d-flex align-items-center justify-content-center cs_height_90 cs_width_90 cs_height_lg_80 cs_width_lg-80 cs_rounded_10 flex-none cs_mr_20 bg-accent\"><img decoding=\"async\" src=\"https:\/\/status200.com.mx\/demo\/web_grupoiscisa\/wp-content\/uploads\/2023\/07\/3-1-1.png\">\r\r\r\n\t\t\t\t\t<\/div>\r\r\r\n\t\t\t\t\t<div>\r\r\r\n\t\t\t\t\t\t<p class=\"text-accent cs_mb_7\">Ubicaci\u00f3n<\/p>\r\r\r\n\t\t\t\t\t\t<h2 class=\"m-0 fw-medium cs_fs_22 cs_fs_lg_18 cs_lh_base\" style=\"color:#18191d\"><a href=\"\" style=\"color:#18191d\">Juan M. Garcia 5705 Col. Mederos Monterrey Nuevo Leon CP. 64950<\/a>\r\r\r\n\t\t\t\t\t\t<\/h2>\r\r\r\n\t\t\t\t\t<\/div>\r\r\r\n\t\t\t\t<\/div>\t\t\t\t<\/div>\n\t\t\t\t<\/div>\n\t\t\t\t\t<\/div>\n\t\t<\/div>\n\t\t\t\t\t<\/div>\n\t\t<\/section>\n\t\t\t\t<\/div>\n\t\t","protected":false},"excerpt":{"rendered":"<p>Para cualquier solicitud comentario o duda, cont\u00e1ctenos y a la brevedad un ejecuto con gusto lo atenderpa Env\u00edenos un mensaje Enviar Informaci\u00f3n de contacto Estamos a tu s ordenes \u00bfTiene dudas o preguntas? Cont\u00e1ctenos, nuestro equipo de ventas le ayudar\u00e1 y asesorar\u00e1 para satisfacer las necesidades que su empresa necesita. Consultoria y capacitaci\u00f3n 818 010 [&hellip;]<\/p>\n","protected":false},"author":1,"featured_media":0,"parent":0,"menu_order":0,"comment_status":"closed","ping_status":"closed","template":"","meta":{"_monsterinsights_skip_tracking":false,"_monsterinsights_sitenote_active":false,"_monsterinsights_sitenote_note":"","_monsterinsights_sitenote_category":0,"footnotes":""},"class_list":["post-65","page","type-page","status-publish","hentry"],"aioseo_notices":[],"_links":{"self":[{"href":"https:\/\/status200.com.mx\/demo\/web_grupoiscisa\/wp-json\/wp\/v2\/pages\/65","targetHints":{"allow":["GET"]}}],"collection":[{"href":"https:\/\/status200.com.mx\/demo\/web_grupoiscisa\/wp-json\/wp\/v2\/pages"}],"about":[{"href":"https:\/\/status200.com.mx\/demo\/web_grupoiscisa\/wp-json\/wp\/v2\/types\/page"}],"author":[{"embeddable":true,"href":"https:\/\/status200.com.mx\/demo\/web_grupoiscisa\/wp-json\/wp\/v2\/users\/1"}],"replies":[{"embeddable":true,"href":"https:\/\/status200.com.mx\/demo\/web_grupoiscisa\/wp-json\/wp\/v2\/comments?post=65"}],"version-history":[{"count":11,"href":"https:\/\/status200.com.mx\/demo\/web_grupoiscisa\/wp-json\/wp\/v2\/pages\/65\/revisions"}],"predecessor-version":[{"id":7980,"href":"https:\/\/status200.com.mx\/demo\/web_grupoiscisa\/wp-json\/wp\/v2\/pages\/65\/revisions\/7980"}],"wp:attachment":[{"href":"https:\/\/status200.com.mx\/demo\/web_grupoiscisa\/wp-json\/wp\/v2\/media?parent=65"}],"curies":[{"name":"wp","href":"https:\/\/api.w.org\/{rel}","templated":true}]}}